hat is the remainder when 15228800 is divided by 3526?
6
What is the remainder when 9495646 is divided by 248?
222
What is the remainder when 69008 is divided by 11278?
1340
What is the remainder when 222628 is divided by 72845?
4093
Calculate the remainder when 1112400033 is divided by 44.
41
Calculate the remainder when 18223089 is divided by 12439.
12393
What is the remainder when 1215369 is divided by 5342?
2735
What is the remainder when 793783 is divided by 542?
295
Calculate the remainder when 1226317 is divided by 1000.
317
Calculate the remainder when 135549523 is divided by 631.
627
What is the remainder when 5724032 is divided by 722?
16
What is the remainder when 3868924 is divided by 39?
7
What is the remainder when 60144 is divided by 3007?
4
What is the remainder when 68604 is divided by 1421?
396
Calculate the remainder when 1809609 is divided by 813.
684
What is the remainder when 82248879 is divided by 3044?
3043
Calculate the remainder when 711739 is divided by 14234.
39
Calculate the remainder when 21115 is divided by 7033.
16
What is the remainder when 54528 is divided by 160?
128
Calculate the remainder when 1032401 is divided by 172020.
281
What is the remainder when 118990 is divided by 260?
170
What is the remainder when 28653309 is divided by 106?
25
Calculate the remainder when 417206 is divided by 789.
614
What is the remainder when 1318711 is divided by 19?
16
Calculate the remainder when 2372595632 is divided by 279.
278
What is the remainder when 9078 is divided by 2263?
26
What is the remainder when 13753648 is divided by 25?
23
What is the remainder when 28185 is divided by 221?
118
Calculate the remainder when 8771458 is divided by 54481.
17
What is the remainder when 10373784 is divided by 1296723?
0
What is the remainder when 403485 is divided by 35?
5
What is the remainder when 104636 is divided by 2423?
447
What is the remainder when 326989 is divided by 23930?
15899
Calculate the remainder when 69491723 is divided by 12.
11
Calculate the remainder when 738419 is divided by 61.
14
What is the remainder when 49072548 is divided by 1090501?
3
What is the remainder when 58425 is divided by 21?
3
Calculate the remainder when 47217 is divided by 23586.
45
Calculate the remainder when 240736 is divided by 3972.
2416
Calculate the remainder when 11010 is divided by 1209.
129
Calculate the remainder when 323853 is divided by 80748.
861
What is the remainder when 63911523 is divided by 21?
18
What is the remainder when 7538 is divided by 1882?
10
What is the remainder when 13612609 is divided by 22?
21
Calculate the remainder when 474003 is divided by 157986.
45
Calculate the remainder when 34745689 is divided by 10.
9
Calculate the remainder when 4019037 is divided by 1004689.
281
Calculate the remainder when 746210 is divided by 7937.
132
What is the remainder when 622427493 is divided by 109?
106
What is the remainder when 1940629 is divided by 921?
82
What is the remainder when 20916 is divided by 1576?
428
Calculate the remainder when 2452545 is divided by 272502.
27
Calculate the remainder when 19075607 is divided by 2538.
2537
What is the remainder when 9068860 is divided by 176?
108
What is the remainder when 2181465 is divided by 121192?
9
Calculate the remainder when 980526 is divided by 245112.
78
What is the remainder when 10485055 is divided by 837?
793
What is the remainder when 10852957 is divided by 904399?
169
Calculate the remainder when 2447469896 is divided by 1451.
1450
What is the remainder when 84740 is divided by 160?
100
Calculate the remainder when 16713973 is divided by 1077.
10
What is the remainder when 1505300 is divided by 79224?
44
What is the remainder when 625500107 is divided by 20?
7
Calculate the remainder when 14194 is divided by 8.
2
What is the remainder when 4327695 is divided by 1288?
15
Calculate the remainder when 76415 is divided by 20.
15
Calculate the remainder when 314652 is divided by 2646.
2424
What is the remainder when 1724514 is divided by 156714?
660
What is the remainder when 252615 is divided by 122764?
7087
Calculate the remainder when 203079 is divided by 5326.
691
Calculate the remainder when 75930 is divided by 234.
114
What is the remainder when 9761251 is divided by 3419?
6
Calculate the remainder when 51879 is divided by 2325.
729
Calculate the remainder when 535585 is divided by 1166.
391
What is the remainder when 6454025 is divided by 5260?
5
What is the remainder when 17957 is divided by 2510?
387
What is the remainder when 354792737 is divided by 317?
314
What is the remainder when 69274 is divided by 6637?
2904
Calculate the remainder when 176026 is divided by 17584.
186
Calculate the remainder when 142604 is divided by 17821.
36
Calculate the remainder when 15779835 is divided by 1314.
9
What is the remainder when 247779 is divided by 354?
333
What is the remainder when 1206643 is divided by 124?
123
What is the remainder when 59552150 is divided by 23?
21
What is the remainder when 401460 is divided by 229?
23
Calculate the remainder when 63252 is divided by 1542.
30
Calculate the remainder when 3314368 is divided by 2954.
2934
What is the remainder when 17446 is divided by 16922?
524
What is the remainder when 1356899 is divided by 276?
83
Calculate the remainder when 6511415 is divided by 2924.
2591
What is the remainder when 567712 is divided by 1817?
808
What is the remainder when 386419 is divided by 6660?
139
What is the remainder when 2361190 is divided by 31?
13
Calculate the remainder when 201929 is divided by 487.
311
What is the remainder when 12337 is divided by 9223?
3114
What is the remainder when 438591689 is divided by 1902?
1901
What is the remainder when 17640715 is divided by 410249?
8
What is the remainder when 13701983 is divided by 3875?
3858
Calculate the remainder when 6698555 is divided by 1674637.
7
What is the remainder when 78249679 is divided by 8801?
8789
Calculate the remainder when 5209748 is divided by 5209737.
11
Calculate the remainder when 31783859 is divided by 4540546.
37
Calculate the remainder when 343371 is divided by 2081.
6
Calculate the remainder when 81658 is divided by 23367.
11557
Calculate the remainder when 80217 is divided by 13041.
1971
Calculate the remainder when 26439 is divided by 161.
35
Calculate the remainder when 490722 is divided by 508.
502
Calculate the remainder when 1037774 is divided by 148.
146
Calculate the remainder when 675619 is divided by 224522.
2053
What is the remainder when 556664378 is divided by 41?
39
What is the remainder when 606921 is divided by 33715?
51
What is the remainder when 245874 is divided by 19933?
6678
What is the remainder when 11796787 is divided by 61?
58
What is the remainder when 15507805 is divided by 14?
5
Calculate the remainder when 965003 is divided by 229.
226
What is the remainder when 302818 is divided by 3004?
2418
What is the remainder when 116639 is divided by 1209?
575
Calculate the remainder when 2327212 is divided by 102.
82
Calculate the remainder when 1305003 is divided by 39.
24
Calculate the remainder when 4825362 is divided by 449.
408
Calculate the remainder when 76420 is divided by 920.
60
What is the remainder when 71637 is divided by 395?
142
Calculate the remainder when 1532456 is divided by 766222.
12
Calculate the remainder when 315836 is divided by 1601.
439
Calculate the remainder when 1728597 is divided by 288092.
45
What is the remainder when 7016 is divided by 383?
122
Calculate the remainder when 2481342 is divided by 784.
766
Calculate the remainder when 192948 is divided by 27122.
3094
What is the remainder when 208818582 is divided by 655?
652
Calculate the remainder when 7444446 is divided by 7444426.
20
Calculate the remainder when 511142 is divided by 6084.
86
What is the remainder when 4783735 is divided by 191349?
10
Calculate the remainder when 606440046 is divided by 272.
270
Calculate the remainder when 567317 is divided by 5853.
5429
What is the remainder when 51897 is divided by 17259?
120
What is the remainder when 3074916 is divided by 1348?
128
What is the remainder when 697007 is divided by 6226?
5921
Calculate the remainder when 1040862626 is divided by 4473.
4472
What is the remainder when 7026